r of 66 and 2933018.
22
Calculate the highest common divisor of 120 and 4596.
12
What is the highest common factor of 1961 and 2257?
37
Calculate the highest common divisor of 315 and 157374.
63
What is the greatest common factor of 5173 and 896?
7
What is the highest common factor of 2208 and 276?
276
What is the highest common factor of 13 and 3180307?
13
What is the highest common divisor of 11983 and 46?
23
What is the greatest common factor of 279 and 93899?
31
What is the greatest common divisor of 190 and 64600?
190
Calculate the greatest common divisor of 176 and 7447.
11
What is the greatest common divisor of 13684 and 19404?
44
Calculate the greatest common factor of 4416 and 636672.
192
What is the greatest common factor of 19880 and 66598?
994
What is the highest common factor of 34539 and 6?
3
Calculate the greatest common factor of 11 and 265001.
11
Calculate the greatest common divisor of 234 and 17.
1
Calculate the greatest common divisor of 30845 and 20.
5
What is the highest common divisor of 143990 and 6160?
770
What is the greatest common divisor of 2703 and 30651?
51
What is the highest common divisor of 27490 and 60?
10
Calculate the highest common divisor of 9095 and 180795.
85
What is the highest common factor of 490 and 518?
14
Calculate the highest common factor of 17372 and 527220.
404
Calculate the highest common factor of 44 and 225676.
44
Calculate the highest common divisor of 1804482 and 72.
18
Calculate the highest common divisor of 4880 and 122.
122
What is the highest common divisor of 640 and 20000?
160
What is the highest common factor of 39 and 5727?
3
What is the greatest common factor of 135360 and 555?
15
What is the highest common divisor of 41829 and 438?
219
Calculate the highest common factor of 65040 and 1040.
80
Calculate the highest common divisor of 544 and 1343.
17
Calculate the highest common factor of 90 and 20016.
18
Calculate the highest common factor of 81939 and 99.
33
What is the highest common divisor of 1130 and 119102?
226
What is the highest common factor of 196859 and 247?
247
What is the highest common divisor of 48 and 22576?
16
Calculate the highest common factor of 22824 and 4248.
72
Calculate the highest common factor of 136090 and 2480.
310
Calculate the greatest common divisor of 15 and 112335.
15
What is the highest common factor of 6969 and 299?
23
What is the greatest common factor of 1053 and 128349?
117
Calculate the greatest common divisor of 38637 and 3657.
159
Calculate the highest common factor of 3687 and 39.
3
Calculate the greatest common divisor of 208 and 17392.
16
What is the highest common divisor of 6711685 and 17?
17
What is the highest common divisor of 12450 and 21414?
498
What is the highest common divisor of 384 and 1387968?
192
Calculate the greatest common factor of 10 and 678290.
10
Calculate the greatest common divisor of 161800 and 16000.
200
What is the highest common divisor of 530 and 377625?
265
What is the highest common divisor of 44714 and 223004?
566
What is the highest common divisor of 1050 and 57?
3
What is the greatest common divisor of 1 and 178001?
1
Calculate the highest common divisor of 1053 and 10107.
9
What is the highest common factor of 710 and 103802?
142
What is the greatest common factor of 402672 and 16?
16
Calculate the highest common factor of 224 and 37072.
112
What is the highest common factor of 171644 and 24064?
188
Calculate the highest common divisor of 2633 and 6.
1
Calculate the highest common divisor of 415316 and 8.
4
Calculate the highest common divisor of 208 and 1473992.
104
Calculate the greatest common divisor of 19386 and 1494.
18
Calculate the greatest common divisor of 658 and 2256.
94
Calculate the greatest common factor of 553372 and 2.
2
Calculate the greatest common divisor of 16 and 173392.
16
Calculate the highest common divisor of 562883 and 389.
389
Calculate the greatest common factor of 1404 and 1001.
13
What is the highest common factor of 2080 and 15680?
160
Calculate the highest common factor of 9 and 16047.
9
What is the greatest common divisor of 1644444 and 252?
36
Calculate the highest common divisor of 9 and 2328.
3
What is the highest common factor of 80 and 31120?
80
What is the greatest common factor of 1243068 and 28?
4
What is the highest common factor of 9 and 56544?
3
What is the greatest common factor of 4994 and 16117?
227
What is the greatest common divisor of 6588 and 5429?
61
Calculate the highest common divisor of 87626 and 462.
154
What is the highest common divisor of 1052 and 92?
4
What is the greatest common factor of 815 and 1735135?
815
What is the highest common factor of 165 and 43285?
55
Calculate the highest common factor of 81 and 5844.
3
Calculate the highest common divisor of 1295230 and 38.
38
Calculate the highest common divisor of 2574 and 288574.
286
Calculate the greatest common divisor of 3200 and 13520.
80
Calculate the greatest common divisor of 88752 and 32.
16
What is the highest common divisor of 3995 and 2295?
85
What is the greatest common divisor of 1145 and 5453177?
229
Calculate the highest common divisor of 4480 and 5705.
35
What is the greatest common divisor of 282860 and 20?
20
Calculate the highest common divisor of 120398 and 11840.
74
What is the greatest common divisor of 3211 and 2873?
169
Calculate the highest common factor of 266275 and 25.
25
What is the highest common divisor of 2044212 and 12?
12
Calculate the greatest common divisor of 1 and 10169.
1
What is the greatest common divisor of 33 and 1130?
1
What is the greatest common divisor of 420 and 16330?
10
Calculate the greatest common divisor of 310534 and 656.
82
What is the highest common factor of 104964 and 624?
12
What is the highest common divisor of 43054 and 2337?
19
What is the greatest common factor of 171720 and 25380?
540
What is the greatest common divisor of 109 and 8?
1
What is the greatest common divisor of 924762 and 6?
6
Calculate the greatest common factor of 2318 and 1634.
38
What is the greatest common divisor of 1496 and 2927672?
1496
Calculate the greatest common factor of 308 and 88792.
44
What is the greatest common factor of 45 and 905229?
9
Calculate the greatest common factor of 11 and 4519988.
11
What is the highest common factor of 1400 and 210175?
175
Calculate the highest common factor of 451 and 12012.
11
Calculate the highest common factor of 87 and 25923.
3
What is the highest common factor of 74198 and 230?
46
Calculate the highest common factor of 170575 and 25.
25
What is the highest common factor of 4 and 77156?
4
Calculate the highest common factor of 1092 and 1742.
26
Calculate the highest common factor of 19034 and 14477.
31
What is the highest common factor of 395 and 404480?
395
Calculate the greatest common factor of 12208 and 2.
2
What is the highest common divisor of 47 and 7861267?
47
What is the highest common divisor of 52256 and 644?
92
Calculate the greatest common factor of 6014 and 124.
62
Calculate the greatest common divisor of 50 and 50.
50
What is the highest common divisor of 2708 and 2076?
4
What is the highest common factor of 638 and 88066?
22
Calculate the greatest common factor of 312 and 3072.
24
What is the highest common factor of 2810 and 2448634?
562
Calculate the greatest common divisor of 1071432 and 828.
828
Calculate the greatest common divisor of 59722 and 52.
26
What is the highest common divisor of 158 and 633106?
158
What is the highest common divisor of 28 and 2163490?
14
What is the greatest common factor of 195818 and 3976?
994
Calculate the highest common divisor of 10 and 170370.
10
What is the greatest common factor of 2828 and 1655794?
1414
Calculate the highest common divisor of 3 and 26337.
3
What is the highest common factor of 1827715 and 645?
215
Calculate the highest common divisor of 492322 and 74.
74
What is the greatest common factor of 135564 and 474?
474
What is the highest common divisor of 15150 and 13938?
606
What is the highest common divisor of 778997 and 1538?
769
Calculate the highest common factor of 9494 and 7003.
47
What is the highest common factor of 4408 and 512696?
152
What is the greatest common factor of 11972 and 292?
292
Calculate the greatest common factor of 8